of 7420?
0
What is the thousands digit of 2909?
2
What is the hundreds digit of 46917?
9
What is the units digit of 43?
3
What is the tens digit of 3817?
1
What is the units digit of 4397?
7
What is the thousands digit of 36643?
6
What is the thousands digit of 10088?
0
What is the hundreds digit of 600?
6
What is the units digit of 23461?
1
What is the tens digit of 887?
8
What is the hundreds digit of 21603?
6
What is the tens digit of 6986?
8
What is the units digit of 778?
8
What is the ten thousands digit of 12321?
1
What is the hundreds digit of 167?
1
What is the thousands digit of 42283?
2
What is the units digit of 292?
2
What is the hundreds digit of 122823?
8
What is the units digit of 48?
8
What is the tens digit of 142301?
0
What is the thousands digit of 5126?
5
What is the tens digit of 574?
7
What is the units digit of 5522?
2
What is the units digit of 2419?
9
What is the units digit of 47?
7
What is the hundreds digit of 1498?
4
What is the thousands digit of 11046?
1
What is the tens digit of 40123?
2
What is the tens digit of 9156?
5
What is the thousands digit of 17706?
7
What is the tens digit of 49914?
1
What is the hundreds digit of 9332?
3
What is the thousands digit of 32795?
2
What is the tens digit of 321?
2
What is the thousands digit of 1306?
1
What is the thousands digit of 8538?
8
What is the units digit of 54148?
8
What is the units digit of 25?
5
What is the tens digit of 4731?
3
What is the ten thousands digit of 14273?
1
What is the tens digit of 2521?
2
What is the thousands digit of 1661?
1
What is the hundreds digit of 28708?
7
What is the hundreds digit of 7519?
5
What is the units digit of 10388?
8
What is the units digit of 54690?
0
What is the hundreds digit of 387?
3
What is the ten thousands digit of 51902?
5
What is the units digit of 380?
0
What is the tens digit of 901?
0
What is the units digit of 633?
3
What is the ten thousands digit of 71835?
7
What is the tens digit of 1397?
9
What is the hundreds digit of 225?
2
What is the units digit of 1041?
1
What is the hundreds digit of 7364?
3
What is the tens digit of 40606?
0
What is the hundreds digit of 830?
8
What is the units digit of 65051?
1
What is the tens digit of 293?
9
What is the hundreds digit of 1812?
8
What is the tens digit of 763?
6
What is the hundreds digit of 20173?
1
What is the units digit of 1801?
1
What is the thousands digit of 34503?
4
What is the hundreds digit of 300?
3
What is the hundred thousands digit of 121707?
1
What is the hundreds digit of 18875?
8
What is the tens digit of 4912?
1
What is the thousands digit of 1170?
1
What is the tens digit of 57?
5
What is the thousands digit of 5370?
5
What is the units digit of 8782?
2
What is the hundreds digit of 648?
6
What is the tens digit of 1074?
7
What is the tens digit of 60358?
5
What is the thousands digit of 1383?
1
What is the units digit of 30?
0
What is the units digit of 25181?
1
What is the hundreds digit of 10739?
7
What is the units digit of 2206?
6
What is the units digit of 601?
1
What is the hundreds digit of 1799?
7
What is the units digit of 389?
9
What is the thousands digit of 1607?
1
What is the hundreds digit of 12672?
6
What is the units digit of 1224?
4
What is the hundreds digit of 1027?
0
What is the hundreds digit of 10045?
0
What is the units digit of 2943?
3
What is the hundreds digit of 1711?
7
What is the hundreds digit of 8442?
4
What is the thousands digit of 23663?
3
What is the tens digit of 708?
0
What is the tens digit of 57?
5
What is the units digit of 95113?
3
What is the units digit of 4101?
1
What is the units digit of 3?
3
What is the tens digit of 2376?
7
What is the thousands digit of 14840?
4
What is the units digit of 15499?
9
What is the tens digit of 325?
2
What is the hundreds digit of 1813?
8
What is the hundreds digit of 7140?
1
What is the units digit of 3148?
8
What is the hundreds digit of 842?
8
What is the thousands digit of 109473?
9
What is the units digit of 46465?
5
What is the tens digit of 216?
1
What is the units digit of 2413?
3
What is the thousands digit of 3849?
3
What is the hundreds digit of 53416?
4
What is the ten thousands digit of 20357?
2
What is the ten thousands digit of 14884?
1
What is the tens digit of 9333?
3
What is the hundreds digit of 1128?
1
What is the hundreds digit of 8823?
8
What is the units digit of 696?
6
What is the hundreds digit of 7762?
7
What is the units digit of 105410?
0
What is the thousands digit of 4463?
4
What is the ten thousands digit of 14719?
1
What is the thousands digit of 31672?
1
What is the units digit of 2018?
8
What is the tens digit of 8051?
5
What is the thousands digit of 1169?
1
What is the hundreds digit of 3276?
2
What is the tens digit of 156256?
5
What is the tens digit of 1508?
0
What is the units digit of 696?
6
What is the units digit of 1837?
7
What is the ten thousands digit of 21518?
2
What is the tens digit of 9558?
5
What is the hundreds digit of 2403?
4
What is the units digit of 150?
0
What is the ten thousands digit of 26019?
2
What is the thousands digit of 1322?
1
What is the units digit of 57564?
4
What is the tens digit of 855?
5
What is the hundreds digit of 5478?
4
What is the tens digit of 4290?
9
What is the hundreds digit of 101841?
8
What is the units digit of 503?
3
What is the units digit of 129?
9
What is the tens digit of 34739?
3
What is the thousands digit of 46141?
6
What is the tens digit of 648?
4
What is the hundreds digit of 10152?
1
What is the tens digit of 1950?
5
What is the hundreds digit of 21257?
2
What is the tens digit of 87?
8
What is the tens digit of 1049?
4
What is the units digit of 6020?
0
What is the units digit of 11399?
9
What is the tens digit of 83243?
4
What is the hundreds digit of 8313?
3
What is the hundreds digit of 405?
4
What is the hundreds digit of 64390?
3
What is the tens digit of 6686?
8
What is the tens digit of 38902?
0
What is the hundreds digit of 25850?
8
What is the tens digit of 89213?
1
What is the units digit of 1268?
8
What is the ten thousands digit of 76126?
7
What is the hundreds digit of 5237?
2
What is the units digit of 3179?
9
What is the tens digit of 1879?
7
What is the thousands digit of 2283?
2
What is the units digit of 11711?
1
What is the units digit of 953?
3
What is the tens digit of 230?
3
What is the tens digit of 297?
9
What is the tens digit of 9136?
3
What is the hundreds digit of 11571?
5
What is the hundreds digit of 565?
5
What is the tens digit of 57702?
0
What is the hundreds digit of 16737?
7
What is the ten thousands digit of 88327?
8
What is the units digit of 2264?
4
What is the hundreds digit of 2708?
7
What is the units digit of 8014?
4
What is the tens digit of 45709?
0
What is the tens digit of 1210?
1
What is the thousands digit of 1149?
1
What is the units digit of 6?
6
What is the hundreds digit of 582?
5
What is the hundreds digit of 199?
1
What is the hundreds digit of 3609?
6
What is the units digit of 45?
5
What is the units digit of 648?
8
What is the hundreds digit of 266?
2
What is the hundreds digit of 136?
1
What is the tens digit of 39785?
8
What is the hundreds digit of 469?
4
What is the thousands digit of 3784?
3
What is the hundreds digit of 1894?
8
What is the thousands digit of 21372?
1
What is the units digit of 1746?
6
What is the tens digit of 34957?
5
What is the hundreds digit of 3379?
3
What is the hundreds digit of 10920?
9
What is the tens digit of 15941?
4
What is the tens digit of 1830?
3
What is the thousands digit of 23255?
3
What is the units digit of 17583?
3
What is the hundreds digit of 958?
9
What is the thousands digit of 56309?
6
What is the units digit of 1039?
9
What is the thousands digit of 4901?
4
What is the units digit of 845?
5
What is the units digit of 323?
3
What is the units digit of 760?
0
What is the thousands digit of 1991?
1
What is the units digit of 11215?
5
What is the tens digit of 34813?
1
What is the units digit of 135360?
0
What is the hundreds digit of 119582?
5
What is the units digit of 953?
3
What is the units digit of 700?
0
What is the hundreds digit of 8401?
4
What is the tens digit of 1413?
1
What is the hundreds digit of 2454?
4
What is the units digit of 863?
3
What 